?
True
Is 731851 composite?
False
Is 6549169 prime?
False
Is 1543879 a prime number?
True
Is 120898759 a composite number?
False
Is 6672739 composite?
True
Is 16903721 a composite number?
False
Is 524789693 prime?
False
Is 53307349 prime?
True
Is 8434649 composite?
True
Is 10778773 a prime number?
True
Is 63774241 a prime number?
False
Is 2558639 a prime number?
True
Is 2867693 a composite number?
True
Is 1958914 prime?
False
Is 66967487 a composite number?
True
Is 102655029 a prime number?
False
Is 38777771 composite?
False
Is 89342489 prime?
True
Is 19565591 a prime number?
True
Is 5467643 a prime number?
False
Is 32656093 a composite number?
False
Is 5741146 prime?
False
Is 490649 a composite number?
True
Is 2224933 composite?
True
Is 569171689 a composite number?
False
Is 2877169 composite?
True
Is 1043999809 composite?
False
Is 39028139 a prime number?
True
Is 773767 composite?
False
Is 78995981 a composite number?
True
Is 33221 a composite number?
True
Is 1460203 a prime number?
False
Is 358427809 a prime number?
False
Is 5869767 a composite number?
True
Is 21339497 composite?
False
Is 30241 a composite number?
False
Is 6874081 a composite number?
True
Is 386259715 prime?
False
Is 17230417 a prime number?
True
Is 645919 a composite number?
True
Is 17040957 a prime number?
False
Is 6615097 a composite number?
True
Is 23013319 prime?
False
Is 22352999 prime?
False
Is 5517893 a composite number?
False
Is 339197 a prime number?
False
Is 509173421 composite?
True
Is 7251614 a composite number?
True
Is 1299397 prime?
False
Is 4875487 composite?
False
Is 2355553 a prime number?
False
Is 295427147 a composite number?
True
Is 14214979 a prime number?
True
Is 34821155 a prime number?
False
Is 17324729 a prime number?
True
Is 13844461 prime?
False
Is 2720651 composite?
True
Is 4090279 a prime number?
True
Is 15332587 prime?
False
Is 10791953 a prime number?
False
Is 45007837 composite?
True
Is 130675009 prime?
False
Is 8611487 a prime number?
True
Is 16493947 composite?
True
Is 5766581 a composite number?
False
Is 264503 a prime number?
False
Is 14496473 a composite number?
False
Is 1295847299 prime?
True
Is 1957441 a prime number?
True
Is 130209901 a prime number?
False
Is 208779679 prime?
True
Is 4449563 prime?
False
Is 12320054 composite?
True
Is 38550419 a prime number?
False
Is 34375463 a prime number?
True
Is 498506431 prime?
True
Is 775024249 a prime number?
False
Is 11816719 a composite number?
False
Is 1537457 composite?
False
Is 14823943 a prime number?
False
Is 14780351 a composite number?
True
Is 3774079 a composite number?
False
Is 6926278 prime?
False
Is 83535653 composite?
False
Is 11934383 a prime number?
False
Is 84420559 prime?
False
Is 5894171 a prime number?
False
Is 2335883 a composite number?
True
Is 4192471 a prime number?
False
Is 559082 a composite number?
True
Is 1030045 composite?
True
Is 157491293 a composite number?
False
Is 881311 composite?
False
Is 65242313 a composite number?
True
Is 35727787 a prime number?
False
Is 2875117 prime?
False
Is 156022123 a composite number?
False
Is 416299081 composite?
True
Is 10707611 a prime number?
True
Is 9238583 a prime number?
False
Is 283919 prime?
False
Is 61675865 composite?
True
Is 157947899 a composite number?
False
Is 4976813 composite?
False
Is 7106123 prime?
False
Is 8467189 prime?
True
Is 47428859 a prime number?
True
Is 520063 prime?
True
Is 1461989 a composite number?
False
Is 2169647 a composite number?
True
Is 2262888185 composite?
True
Is 52765771 a prime number?
True
Is 209228509 a prime number?
False
Is 6257893 a composite number?
True
Is 6532753 a composite number?
True
Is 1546873 a composite number?
False
Is 13178041 composite?
True
Is 1289111 prime?
True
Is 982493 composite?
False
Is 16346281 a composite number?
True
Is 14171201 a composite number?
True
Is 94078577 composite?
False
Is 1605257 prime?
True
Is 6144977 composite?
False
Is 142101331 prime?
True
Is 11738299 a composite number?
True
Is 813013 a composite number?
False
Is 574741 composite?
False
Is 184780571 prime?
False
Is 215027401 prime?
True
Is 402559 prime?
True
Is 1166793 composite?
True
Is 7412101 a prime number?
False
Is 10180597 prime?
False
Is 39877679 a prime number?
True
Is 65921 composite?
False
Is 1418233 a prime number?
True
Is 4799129 composite?
False
Is 99084521 a prime number?
True
Is 11252491 composite?
True
Is 68832259 a composite number?
False
Is 149861 a composite number?
False
Is 12325337 a prime number?
True
Is 863479 prime?
True
Is 330822311 a prime number?
True
Is 67153351 a prime number?
False
Is 367102231 a composite number?
True
Is 11738083 composite?
True
Is 36992927 prime?
True
Is 10894921 a prime number?
True
Is 598721 a composite number?
False
Is 1884053 a composite number?
False
Is 708823 a composite number?
False
Is 1167209 a prime number?
True
Is 128302301 prime?
True
Is 7085560013 a prime number?
False
Is 574029749 a composite number?
True
Is 1108043 composite?
True
Is 1076917 composite?
False
Is 38403487 a composite number?
True
Is 20764889 composite?
False
Is 19116817 a prime number?
True
Is 78433513 a prime number?
True
Is 58820101 prime?
False
Is 3179123 a composite number?
True
Is 321004451 a composite number?
True
Is 227947 prime?
True
Is 115603 prime?
True
Is 3814667 composite?
False
Is 19258819 a prime number?
True
Is 6169377 a composite number?
True
Is 81752213 a prime number?
False
Is 649709 a composite number?
False
Is 18121738 prime?
False
Is 714908807 composite?
False
Is 206326181 a composite number?
True
Is 10331213 a composite number?
True
Is 7203023 composite?
False
Is 55787243 a composite number?
False
Is 74612017 prime?
False
Is 44293 a prime number?
True
Is 1356133 a composite number?
False
Is 607393 a prime number?
False
Is 94671407 prime?
True
Is 40153363 prime?
True
Is 219597661 a prime number?
True
Is 2278631 composite?
False
Is 131223489 a composite number?
True
Is 397758497 composite?
False
Is 27689513 composite?
False
Is 7665703 a prime number?
True
Is 3974981 composite?
False
Is 268706 a composite number?
True
Is 193693658 prime?
False
Is 5213807 prime?
False
Is 5672767 a prime number?
True
Is 54449287 prime?
False
Is 17356919 composite?
False
Is 22362029 a prime number?
False
Is 5152094 composite?
True
Is 263303 a prime number?
True
Is 2239277 composite?
True
Is 3232913 composite?
True
Is 292202567 composite?
False
Is 10681547 a composite number?
True
Is 16952615 prime?
False
Is 1167827 composite?
True
Is 46684153 prime?
True
Is 17907427 a composite number?
True
Is 18213101 a prime number?
True
Is 2145487 composite?
False
Is 6097121 composite?
False
Is 11951557 prime?
True
Is 4275295 a prime number?
False
Is 1163119 prime?
True
Is 9080371 a prime number?
True
Is 141775177 prime?
True
Is 10711157 a composite number?
True
Is 25318753 a composite number?
False
Is 473853 prime?
False
Is 3532757 prime?
True
Is 302523911 a composite number?
True
Is 821851 composite?
False
Is 104476259 a prime number?
True
Is 2717993 a prime number?
True
Is 23724403 prime?
False
Is 172115849 a composite number?
False
Is 2825749 composite?
False
Is 1502123 a prime number?
False
Is 5270521 a prime number?
True
Is 1278581 prime?
False
Is 188174111 composite?
False
Is 9577835 prime?
False
Is 23714059 a prime number?
True
Is 4059043 prime?
False
Is 9744659 composite?
True
Is 123058867 prime?
True
Is 1050139 composite?
False
Is 27693815 a prime number?
False
Is 165511 a composite number?
False
Is 2569561477 a prime number?
False
Is 578182841 prime?
True
Is 125844001 a prime number?
True
Is 42434201 prime?
False
Is 95051989 a prime number?
False
Is 134214127 a composite number?
True
Is 5038555 a composite number?
True
Is 41270617 a prime number?
True
Is 262035451 a prime number?
True
Is 30885031 a composite number?
False
Is 49919 prime?
True
Is 41061389 a composite number?
False
Is 18125633 a prime number?
False
Is 264966661 a composite number?
False
Is 566311 prime?
True
Is 217716407 composite?
False
Is 672202 a prime number?
False
Is 7033847 a prime number?
True
Is 33089783 composite?
True
Is 256757143 a prime number?
True
Is 116626115 composite?
True
Is 1017881 a prime number?
True
Is 29523833 prime?
True
Is 76293355 a prime number?
False
Is 18597829 prime?
Tru